{"id":22,"date":"2015-05-01T07:35:31","date_gmt":"2015-05-01T05:35:31","guid":{"rendered":"https:\/\/harder-zur-elbbruecke.de\/wordpress\/geschichte\/"},"modified":"2022-12-16T20:28:20","modified_gmt":"2022-12-16T19:28:20","slug":"geschichte","status":"publish","type":"page","link":"https:\/\/harder-zur-elbbruecke.de\/wordpress\/geschichte\/","title":{"rendered":"Geschichte"},"content":{"rendered":"\n<div class=\"hr2\"><hr><\/div>\n\n\n\n<p class=\"has-text-align-center\"><span style=\"font-size: medium;\">Seit <strong>1964<\/strong> sind wir <strong>die Adresse<\/strong> f\u00fcr Ihre Feier.<\/span><br>Unsere jahrelange Erfahrung zeichnet uns aus.<br>Wir richten uns ganz nach Ihren W\u00fcnschen.<br>Mit unseren Preisen macht das Feiern wieder Spa\u00df!<br><span style=\"font-size: medium;\"><strong>Sprechen Sie uns an &#8211; wir beraten Sie gerne!<\/strong><\/span><\/p>\n\n\n\n<div class=\"hr2\"><hr><\/div>\n\n\n\n<p>Fr\u00fcher &#8230;<\/p>\n\n\n\n<figure class=\"wp-block-image\"><img loading=\"lazy\" decoding=\"async\" width=\"470\" height=\"250\" src=\"https:\/\/harder-zur-elbbruecke.de\/wordpress\/wp-content\/uploads\/2015\/05\/frueher.jpg\" alt=\"\" class=\"wp-image-20\" srcset=\"https:\/\/harder-zur-elbbruecke.de\/wordpress\/wp-content\/uploads\/2015\/05\/frueher.jpg 470w, https:\/\/harder-zur-elbbruecke.de\/wordpress\/wp-content\/uploads\/2015\/05\/frueher-300x160.jpg 300w\" sizes=\"auto, (max-width: 470px) 100vw, 470px\" \/><\/figure>\n\n\n\n<p>&#8230; und heute<\/p>\n\n\n\n<figure class=\"wp-block-image\"><img loading=\"lazy\" decoding=\"async\" width=\"470\" height=\"353\" src=\"https:\/\/harder-zur-elbbruecke.de\/wordpress\/wp-content\/uploads\/2015\/05\/heute.jpg\" alt=\"\" class=\"wp-image-21\" srcset=\"https:\/\/harder-zur-elbbruecke.de\/wordpress\/wp-content\/uploads\/2015\/05\/heute.jpg 470w, https:\/\/harder-zur-elbbruecke.de\/wordpress\/wp-content\/uploads\/2015\/05\/heute-300x225.jpg 300w\" sizes=\"auto, (max-width: 470px) 100vw, 470px\" \/><\/figure>\n\n\n\n<p><span style=\"font-size: 12pt;\">Geschichte Gastst\u00e4tte \u201eZur Elbbr\u00fccke\u201c<br><\/span><br><span style=\"font-size: 10pt;\">Seit dem 25.09.1964 sind Frau Sigrid Harder (Sekret\u00e4rin) und Herr Axel Harder (Elektriker) verheiratet.<\/span><\/p>\n\n\n\n<p><span style=\"font-size: 10pt;\">Am 01.10.1964 haben sie gemeinsam ihre Gastsst\u00e4tte Zur Elbbr\u00fccke er\u00f6ffnet.<\/span><\/p>\n\n\n\n<p><span style=\"font-size: 10pt;\">Die Mutter von Siggi hatte das Lokal gefunden und wollte dort wohnen, die Kinder hatten aber ganz andere Pl\u00e4ne und wollten dass es wieder eine Gastst\u00e4tte wird.<\/span><\/p>\n\n\n\n<p><span style=\"font-size: 10pt;\">660,00 DM Startkapital hatten die frisch verm\u00e4hlten zur Verf\u00fcgung.<\/span><\/p>\n\n\n\n<p><span style=\"font-size: 10pt;\">Die Konkurrenz war gro\u00df und gleich gegen\u00fcber der Stra\u00dfenseite. So kam Herr Wagner auch gleich mit einem Alpenveilchen in der Hand r\u00fcber und verk\u00fcndigte Axel Harder:\u201c ich gebe dir genau ein halbes Jahr\u201c. Das erz\u00e4hlt Axel gerne seinen G\u00e4sten, denn diese Worte haben sich bei ihm eingepr\u00e4gt. <\/span><\/p>\n\n\n\n<p><span style=\"font-size: 10pt;\">Zu Anfang war es ein \u201ehartes Brot\u201c sagt Axel, wir haben manchmal bis 3.00 Uhr sonntags hinterm dem Tresen gestanden und fingen montags um 7.00 Uhr wieder an, denn dann kamen die Bauern wieder vom Gro\u00dfmarkt auf ein L\u00fctt und L\u00fctt und zum Kartenspielen.<\/span><\/p>\n\n\n\n<p><span style=\"font-size: 10pt;\">Es gab viele Vereine Sparclub, viele Sportgruppen und zwei Gesangsverein. Hinten im Clubraum stand ein Klavier. <\/span><\/p>\n\n\n\n<p><span style=\"font-size: 10pt;\">Die Gastst\u00e4tte etablierte sich immer mehr, gegen\u00fcber war die Bille-Siedlung und so kam es, dass viele Feste bei \u201eHarders\u201c gefeiert wurden.<\/span><\/p>\n\n\n\n<p><span style=\"font-size: 10pt;\">Siggi und Axel fingen mit Bockwurst, Gulaschsuppe und ein K\u00e4se,- oder Mett-, oder Schinkenbrot an. Dazu nat\u00fcrlich L\u00fctt und L\u00fctt.<\/span><\/p>\n\n\n\n<p><span style=\"font-size: 10pt;\">Die zweite gro\u00dfe Sensation war die neu angeschaffte Friteuse und dann die beliebten H\u00e4hnchen und Pommes.<\/span><\/p>\n\n\n\n<p><span style=\"font-size: 10pt;\">Zwischendurch war die Gastst\u00e4tte auch Wahllokal und auch Fahrscheine hat Axel in seinem Laden verkauft.<\/span><\/p>\n\n\n\n<p><span style=\"font-size: 10pt;\">1966 \/67 wurde der Laden komplett renoviert.<\/span><\/p>\n\n\n\n<p><span style=\"font-size: 10pt;\">Der Clubraum war auch Anziehungspunkt f\u00fcr die Jungend von Moorfleet so gab es einige, die sogar ihre Hausaufgaben im Clubraum machten und dort Fu\u00dfballkicker spielten.<\/span><\/p>\n\n\n\n<p><span style=\"font-size: 10pt;\">Gut k\u00f6nnen sich Siggi und Axel noch an ihren ersten Gast erinnern. Es war Rolf Schwarzhardt und der kam aus Nortorf wie Axel.<\/span><\/p>\n\n\n\n<p><span style=\"font-size: 10pt;\">Die Gastst\u00e4tte diente als Informationsquelle. Am Tresen sa\u00dfen morgens schon die Bauern nach dem Markt und am Sonntagabend wurde heftig in 3. Reihen \u00fcber die Woche diskutiert.<\/span><\/p>\n\n\n\n<p><span style=\"font-size: 10pt;\">Im Juni 1967 wurde der 1. Sohn Sven geboren. Im Oktober 1968 der 2. Sohn Kay.<\/span><\/p>\n\n\n\n<p><span style=\"font-size: 10pt;\">Kay Harder begann nach der Schule im Februar 1985 seine Ausbildung zum Koch beim Reichshof, danach ging er f\u00fcr 1 Jahr zum Bavaria Blick. Ab 1989 kam er zum ersten Mal in den Familiebetrieb \u201eHarder\u201c. Nach 3 Jahren zog es Kay Harder aber weiter und er ging zum LZC Caterer, die Essen f\u00fcr gro\u00dfe Firmen wie z.B. Lufthansa und Deutsche Bank entwickelten.<\/span><\/p>\n\n\n\n<p><span style=\"font-size: 10pt;\">1995 ging Kay Harder zum Bund, dort machte er seinen Meisterkoch und den Di\u00e4tkoch. Seit 2002 ist er \u201efest\u201c im Gesch\u00e4ft und f\u00fchrt den Laden.<\/span><\/p>\n\n\n\n<p><span style=\"font-size: 10pt;\">Siggi und Axel sind immer noch die \u201eflei\u00dfigen H\u00e4nde\u201c im \u201eBackground\u201c. Sie wissen immer was zu tun ist, so ist Axel st\u00e4ndig dabei Kartoffeln zu \u201epulen\u201c (er wei\u00df selber nicht mehr, wie viel Tonnen er schon bewegt hat) oder Siggi b\u00fcgelt und faltet Servietten. Es ist immer etwas zu tun in der Gastst\u00e4tte.<\/span><\/p>\n\n\n\n<p><span style=\"font-size: 10pt;\">2008 trat das Nichtraucherschutzgesetz und der Tresen \u201estarb\u201c so langsam aus. Es gab freitags kein Knobeln und Skat mehr am Tresen. Die Kneipe wurde immer mehr zur Gastst\u00e4tte \/ Restaurant. Das lag haupts\u00e4chlich daran, dass Kay die Speisekarte ver\u00e4nderte, vergr\u00f6\u00dferte und viele neue Gerichte und Men\u00fcs mit auf die Speisekarte setzte.<\/span><\/p>\n\n\n\n<p><span style=\"font-size: 10pt;\">Nach und nach wird die Gastst\u00e4tte \u201eZur Elbbr\u00fccke\u201c renoviert auch das macht der \u201eChef\u201c alles selber nach und nach.<\/span><\/p>\n\n\n\n<p><span style=\"font-size: 10pt;\">Die Gastst\u00e4tte \u201eZur Elbbr\u00fccke\u201c lebt von vielen Stammg\u00e4sten. Die Moorfleeter sind eine gute Dorfgemeinschaft und so feiert man auch gerne in der Gastst\u00e4tte \u201eOktoberfeste\u201c oder eine \u201eMoorfete\u201c. In der Saison sind viele Gartenfreunde, Fahrradfahrer und Bootsleute da. Mittlerweile ist&nbsp; das Hausgemachte Sauerfleisch, das bei Familie Harder traditionell und immer lecker ist, vom \u201eThron\u201c geschubst worden. Kay Harder ist f\u00fcr seinen guten Fisch wie Scholle, Maischolle, Bratheringe, gr\u00fcne Heringe oder seinen Stint bekannt.<\/span><\/p>\n","protected":false},"excerpt":{"rendered":"<p>Seit 1964 sind wir die Adresse f\u00fcr Ihre Feier.Unsere jahrelange Erfahrung zeichnet uns aus.Wir richten uns ganz nach Ihren W\u00fcnschen.Mit unseren Preisen macht das Feiern wieder Spa\u00df!Sprechen Sie uns an &#8211; wir beraten Sie gerne! Fr\u00fcher &#8230; &#8230; und heute Geschichte Gastst\u00e4tte \u201eZur Elbbr\u00fccke\u201cSeit dem 25.09.1964 sind Frau Sigrid Harder [&hellip;]<\/p>\n","protected":false},"author":1,"featured_media":0,"parent":0,"menu_order":7,"comment_status":"closed","ping_status":"closed","template":"","meta":{"pgc_sgb_lightbox_settings":"","footnotes":""},"class_list":["post-22","page","type-page","status-publish","hentry"],"yoast_head":"<!-- This site is optimized with the Yoast SEO plugin v27.5 - https:\/\/yoast.com\/product\/yoast-seo-wordpress\/ -->\n<title>Geschichte - Harder zur Elbbr\u00fccke<\/title>\n<meta name=\"robots\" content=\"index, follow, max-snippet:-1, max-image-preview:large, max-video-preview:-1\" \/>\n<link rel=\"canonical\" href=\"https:\/\/harder-zur-elbbruecke.de\/wordpress\/geschichte\/\" \/>\n<meta property=\"og:locale\" content=\"de_DE\" \/>\n<meta property=\"og:type\" content=\"article\" \/>\n<meta property=\"og:title\" content=\"Geschichte - Harder zur Elbbr\u00fccke\" \/>\n<meta property=\"og:description\" content=\"Seit 1964 sind wir die Adresse f\u00fcr Ihre Feier.Unsere jahrelange Erfahrung zeichnet uns aus.Wir richten uns ganz nach Ihren W\u00fcnschen.Mit unseren Preisen macht das Feiern wieder Spa\u00df!Sprechen Sie uns an &#8211; wir beraten Sie gerne! Fr\u00fcher &#8230; &#8230; und heute Geschichte Gastst\u00e4tte \u201eZur Elbbr\u00fccke\u201cSeit dem 25.09.1964 sind Frau Sigrid Harder [&hellip;]\" \/>\n<meta property=\"og:url\" content=\"https:\/\/harder-zur-elbbruecke.de\/wordpress\/geschichte\/\" \/>\n<meta property=\"og:site_name\" content=\"Harder zur Elbbr\u00fccke\" \/>\n<meta property=\"article:modified_time\" content=\"2022-12-16T19:28:20+00:00\" \/>\n<meta property=\"og:image\" content=\"https:\/\/harder-zur-elbbruecke.de\/wordpress\/wp-content\/uploads\/2015\/05\/frueher.jpg\" \/>\n<meta name=\"twitter:card\" content=\"summary_large_image\" \/>\n<meta name=\"twitter:label1\" content=\"Gesch\u00e4tzte Lesezeit\" \/>\n\t<meta name=\"twitter:data1\" content=\"4\u00a0Minuten\" \/>\n<script type=\"application\/ld+json\" class=\"yoast-schema-graph\">{\"@context\":\"https:\\\/\\\/schema.org\",\"@graph\":[{\"@type\":\"WebPage\",\"@id\":\"https:\\\/\\\/harder-zur-elbbruecke.de\\\/wordpress\\\/geschichte\\\/\",\"url\":\"https:\\\/\\\/harder-zur-elbbruecke.de\\\/wordpress\\\/geschichte\\\/\",\"name\":\"Geschichte - Harder zur Elbbr\u00fccke\",\"isPartOf\":{\"@id\":\"https:\\\/\\\/harder-zur-elbbruecke.de\\\/wordpress\\\/#website\"},\"primaryImageOfPage\":{\"@id\":\"https:\\\/\\\/harder-zur-elbbruecke.de\\\/wordpress\\\/geschichte\\\/#primaryimage\"},\"image\":{\"@id\":\"https:\\\/\\\/harder-zur-elbbruecke.de\\\/wordpress\\\/geschichte\\\/#primaryimage\"},\"thumbnailUrl\":\"https:\\\/\\\/harder-zur-elbbruecke.de\\\/wordpress\\\/wp-content\\\/uploads\\\/2015\\\/05\\\/frueher.jpg\",\"datePublished\":\"2015-05-01T05:35:31+00:00\",\"dateModified\":\"2022-12-16T19:28:20+00:00\",\"breadcrumb\":{\"@id\":\"https:\\\/\\\/harder-zur-elbbruecke.de\\\/wordpress\\\/geschichte\\\/#breadcrumb\"},\"inLanguage\":\"de\",\"potentialAction\":[{\"@type\":\"ReadAction\",\"target\":[\"https:\\\/\\\/harder-zur-elbbruecke.de\\\/wordpress\\\/geschichte\\\/\"]}]},{\"@type\":\"ImageObject\",\"inLanguage\":\"de\",\"@id\":\"https:\\\/\\\/harder-zur-elbbruecke.de\\\/wordpress\\\/geschichte\\\/#primaryimage\",\"url\":\"https:\\\/\\\/harder-zur-elbbruecke.de\\\/wordpress\\\/wp-content\\\/uploads\\\/2015\\\/05\\\/frueher.jpg\",\"contentUrl\":\"https:\\\/\\\/harder-zur-elbbruecke.de\\\/wordpress\\\/wp-content\\\/uploads\\\/2015\\\/05\\\/frueher.jpg\",\"width\":470,\"height\":250},{\"@type\":\"BreadcrumbList\",\"@id\":\"https:\\\/\\\/harder-zur-elbbruecke.de\\\/wordpress\\\/geschichte\\\/#breadcrumb\",\"itemListElement\":[{\"@type\":\"ListItem\",\"position\":1,\"name\":\"Startseite\",\"item\":\"https:\\\/\\\/harder-zur-elbbruecke.de\\\/wordpress\\\/\"},{\"@type\":\"ListItem\",\"position\":2,\"name\":\"Geschichte\"}]},{\"@type\":\"WebSite\",\"@id\":\"https:\\\/\\\/harder-zur-elbbruecke.de\\\/wordpress\\\/#website\",\"url\":\"https:\\\/\\\/harder-zur-elbbruecke.de\\\/wordpress\\\/\",\"name\":\"Harder zur Elbbr\u00fccke\",\"description\":\"\",\"publisher\":{\"@id\":\"https:\\\/\\\/harder-zur-elbbruecke.de\\\/wordpress\\\/#organization\"},\"potentialAction\":[{\"@type\":\"SearchAction\",\"target\":{\"@type\":\"EntryPoint\",\"urlTemplate\":\"https:\\\/\\\/harder-zur-elbbruecke.de\\\/wordpress\\\/?s={search_term_string}\"},\"query-input\":{\"@type\":\"PropertyValueSpecification\",\"valueRequired\":true,\"valueName\":\"search_term_string\"}}],\"inLanguage\":\"de\"},{\"@type\":\"Organization\",\"@id\":\"https:\\\/\\\/harder-zur-elbbruecke.de\\\/wordpress\\\/#organization\",\"name\":\"Harder zur Elbbr\u00fccke\",\"url\":\"https:\\\/\\\/harder-zur-elbbruecke.de\\\/wordpress\\\/\",\"logo\":{\"@type\":\"ImageObject\",\"inLanguage\":\"de\",\"@id\":\"https:\\\/\\\/harder-zur-elbbruecke.de\\\/wordpress\\\/#\\\/schema\\\/logo\\\/image\\\/\",\"url\":\"https:\\\/\\\/harder-zur-elbbruecke.de\\\/wordpress\\\/wp-content\\\/uploads\\\/2022\\\/12\\\/Logo.png\",\"contentUrl\":\"https:\\\/\\\/harder-zur-elbbruecke.de\\\/wordpress\\\/wp-content\\\/uploads\\\/2022\\\/12\\\/Logo.png\",\"width\":658,\"height\":167,\"caption\":\"Harder zur Elbbr\u00fccke\"},\"image\":{\"@id\":\"https:\\\/\\\/harder-zur-elbbruecke.de\\\/wordpress\\\/#\\\/schema\\\/logo\\\/image\\\/\"}}]}<\/script>\n<!-- \/ Yoast SEO plugin. -->","yoast_head_json":{"title":"Geschichte - Harder zur Elbbr\u00fccke","robots":{"index":"index","follow":"follow","max-snippet":"max-snippet:-1","max-image-preview":"max-image-preview:large","max-video-preview":"max-video-preview:-1"},"canonical":"https:\/\/harder-zur-elbbruecke.de\/wordpress\/geschichte\/","og_locale":"de_DE","og_type":"article","og_title":"Geschichte - Harder zur Elbbr\u00fccke","og_description":"Seit 1964 sind wir die Adresse f\u00fcr Ihre Feier.Unsere jahrelange Erfahrung zeichnet uns aus.Wir richten uns ganz nach Ihren W\u00fcnschen.Mit unseren Preisen macht das Feiern wieder Spa\u00df!Sprechen Sie uns an &#8211; wir beraten Sie gerne! Fr\u00fcher &#8230; &#8230; und heute Geschichte Gastst\u00e4tte \u201eZur Elbbr\u00fccke\u201cSeit dem 25.09.1964 sind Frau Sigrid Harder [&hellip;]","og_url":"https:\/\/harder-zur-elbbruecke.de\/wordpress\/geschichte\/","og_site_name":"Harder zur Elbbr\u00fccke","article_modified_time":"2022-12-16T19:28:20+00:00","og_image":[{"url":"https:\/\/harder-zur-elbbruecke.de\/wordpress\/wp-content\/uploads\/2015\/05\/frueher.jpg","type":"","width":"","height":""}],"twitter_card":"summary_large_image","twitter_misc":{"Gesch\u00e4tzte Lesezeit":"4\u00a0Minuten"},"schema":{"@context":"https:\/\/schema.org","@graph":[{"@type":"WebPage","@id":"https:\/\/harder-zur-elbbruecke.de\/wordpress\/geschichte\/","url":"https:\/\/harder-zur-elbbruecke.de\/wordpress\/geschichte\/","name":"Geschichte - Harder zur Elbbr\u00fccke","isPartOf":{"@id":"https:\/\/harder-zur-elbbruecke.de\/wordpress\/#website"},"primaryImageOfPage":{"@id":"https:\/\/harder-zur-elbbruecke.de\/wordpress\/geschichte\/#primaryimage"},"image":{"@id":"https:\/\/harder-zur-elbbruecke.de\/wordpress\/geschichte\/#primaryimage"},"thumbnailUrl":"https:\/\/harder-zur-elbbruecke.de\/wordpress\/wp-content\/uploads\/2015\/05\/frueher.jpg","datePublished":"2015-05-01T05:35:31+00:00","dateModified":"2022-12-16T19:28:20+00:00","breadcrumb":{"@id":"https:\/\/harder-zur-elbbruecke.de\/wordpress\/geschichte\/#breadcrumb"},"inLanguage":"de","potentialAction":[{"@type":"ReadAction","target":["https:\/\/harder-zur-elbbruecke.de\/wordpress\/geschichte\/"]}]},{"@type":"ImageObject","inLanguage":"de","@id":"https:\/\/harder-zur-elbbruecke.de\/wordpress\/geschichte\/#primaryimage","url":"https:\/\/harder-zur-elbbruecke.de\/wordpress\/wp-content\/uploads\/2015\/05\/frueher.jpg","contentUrl":"https:\/\/harder-zur-elbbruecke.de\/wordpress\/wp-content\/uploads\/2015\/05\/frueher.jpg","width":470,"height":250},{"@type":"BreadcrumbList","@id":"https:\/\/harder-zur-elbbruecke.de\/wordpress\/geschichte\/#breadcrumb","itemListElement":[{"@type":"ListItem","position":1,"name":"Startseite","item":"https:\/\/harder-zur-elbbruecke.de\/wordpress\/"},{"@type":"ListItem","position":2,"name":"Geschichte"}]},{"@type":"WebSite","@id":"https:\/\/harder-zur-elbbruecke.de\/wordpress\/#website","url":"https:\/\/harder-zur-elbbruecke.de\/wordpress\/","name":"Harder zur Elbbr\u00fccke","description":"","publisher":{"@id":"https:\/\/harder-zur-elbbruecke.de\/wordpress\/#organization"},"potentialAction":[{"@type":"SearchAction","target":{"@type":"EntryPoint","urlTemplate":"https:\/\/harder-zur-elbbruecke.de\/wordpress\/?s={search_term_string}"},"query-input":{"@type":"PropertyValueSpecification","valueRequired":true,"valueName":"search_term_string"}}],"inLanguage":"de"},{"@type":"Organization","@id":"https:\/\/harder-zur-elbbruecke.de\/wordpress\/#organization","name":"Harder zur Elbbr\u00fccke","url":"https:\/\/harder-zur-elbbruecke.de\/wordpress\/","logo":{"@type":"ImageObject","inLanguage":"de","@id":"https:\/\/harder-zur-elbbruecke.de\/wordpress\/#\/schema\/logo\/image\/","url":"https:\/\/harder-zur-elbbruecke.de\/wordpress\/wp-content\/uploads\/2022\/12\/Logo.png","contentUrl":"https:\/\/harder-zur-elbbruecke.de\/wordpress\/wp-content\/uploads\/2022\/12\/Logo.png","width":658,"height":167,"caption":"Harder zur Elbbr\u00fccke"},"image":{"@id":"https:\/\/harder-zur-elbbruecke.de\/wordpress\/#\/schema\/logo\/image\/"}}]}},"_links":{"self":[{"href":"https:\/\/harder-zur-elbbruecke.de\/wordpress\/wp-json\/wp\/v2\/pages\/22","targetHints":{"allow":["GET"]}}],"collection":[{"href":"https:\/\/harder-zur-elbbruecke.de\/wordpress\/wp-json\/wp\/v2\/pages"}],"about":[{"href":"https:\/\/harder-zur-elbbruecke.de\/wordpress\/wp-json\/wp\/v2\/types\/page"}],"author":[{"embeddable":true,"href":"https:\/\/harder-zur-elbbruecke.de\/wordpress\/wp-json\/wp\/v2\/users\/1"}],"replies":[{"embeddable":true,"href":"https:\/\/harder-zur-elbbruecke.de\/wordpress\/wp-json\/wp\/v2\/comments?post=22"}],"version-history":[{"count":1,"href":"https:\/\/harder-zur-elbbruecke.de\/wordpress\/wp-json\/wp\/v2\/pages\/22\/revisions"}],"predecessor-version":[{"id":143,"href":"https:\/\/harder-zur-elbbruecke.de\/wordpress\/wp-json\/wp\/v2\/pages\/22\/revisions\/143"}],"wp:attachment":[{"href":"https:\/\/harder-zur-elbbruecke.de\/wordpress\/wp-json\/wp\/v2\/media?parent=22"}],"curies":[{"name":"wp","href":"https:\/\/api.w.org\/{rel}","templated":true}]}}